2 - 3*c. Let r(z) = -z**2 - 18*z + 242. Let a be r(9). Determine h(a).
-5
Suppose 127*x - 113*x + 490 = 0. Let m be (-63)/x + (-2)/(-20)*2. Let z(t) = 9*t - 13. Let l(i) = 6*i - 9. Let c(s) = -7*l(s) + 5*z(s). Calculate c(m).
4
Let y(h) = 46*h - 1. Let x(f) = -38*f + 1. Let b(c) = -6*x(c) - 5*y(c). Calculate b(-7).
13
Let k(m) be the first derivative of -m**4/4 - 11*m**3/3 + 2*m**2 - 21*m - 561. Determine k(-11).
-65
Let q(s) be the second derivative of 0 - 23/2*s**2 - 1/12*s**4 + 0*s**3 + 89*s. What is q(0)?
-23
Let t(c) = -4*c + 25. Suppose 275*n = -172*n + 5364. Determine t(n).
-23
Let o(i) = -9*i**3 + i**2 - 123*i - 123. Let p be o(-1). Let m(d) = d**3 - 12*d**2 + 19*d + 10. Calculate m(p).
0
Let b(l) = -8*l - 81. Suppose -3*x - 26 = -t, x + 710*t + 14 = 705*t. What is b(x)?
-9
Let p(g) = 3*g**3 - 23*g**2 - 5*g - 18. Let y be p(8). Let j(n) be the first derivative of 23 + y*n + 1/3*n**3 + n**2. Give j(-5).
21
Let x be ((-1)/2)/((-6)/1440). Let d be 1/2*(x/(-6))/2. Let a(r) = r + 9. Give a(d).
4
Let x = 1 + -1. Let v(u) = x + u - 2*u + 1. Suppose -203*q - 2*c - 2 = -201*q, 5*c + 9 = -q. What is v(q)?
0
Let n(c) = -7*c**3 + 11*c**2 + 44*c + 15. Let v(w) = w**3 - w**2 - 6*w - 2. Let l(p) = n(p) + 8*v(p). Let y = 22 - 25. Determine l(y).
11
Suppose -19*a = -4*a + 45. Let r = 24 + -22. Let w(o) = 3*o + 1 + 1 - r - 1. Give w(a).
-10
Let f(m) = -12*m + 0*m**2 - 36 + 7 - m**2 + 24. What is f(-9)?
22
Let s(m) = -3*m - 3. Let j(h) be the first derivative of 3*h**2 + 4*h - 29. Let x(k) = 4*j(k) + 7*s(k). Give x(2).
1
Let d be -3*((-6)/3)/2. Suppose -3*w + 8 = i, -w = -2*i - 15 + d. Let x(v) = 2*v**3 + 8 - 6*v**2 + 0*v**3 - v**3 - w*v + 3*v. What is x(6)?
2
Let k(q) be the second derivative of -5/6*q**3 - 4*q**2 - 1/120*q**6 - 1/15*q**5 - 18*q + 0 + 1/12*q**4. Let n(d) be the first derivative of k(d). Give n(-4).
-13
Let n(h) be the first derivative of -10*h**4 - h**2 + h + 63. Let j = 2271 + -2270. What is n(j)?
-41
Suppose 4*n - 20*n = -0*n + 48. Let c(r) = -4*r**2 - 6*r - 7. Give c(n).
-25
Let f(a) = 14*a + 17. Let t(q) = -3*q. Suppose 12*b - 1 = -13. Let i(p) = b*f(p) - 5*t(p). Give i(6).
-11
Let l(w) = 11*w**2 + 20*w + 25. Let h(x) = -5*x**2 - 10*x - 12. Let r be 51/(-15) + 12/(-20). Let y(s) = r*l(s) - 9*h(s). What is y(-8)?
-8
Let o(f) = -75 + 4*f + 143 - 73. Suppose l + 16 = 28. Suppose 0*h = -3*h + l. Determine o(h).
11
Suppose 5*i = 5*w + 3*i - 15, -3 = -w + 2*i. Let o(x) = 5*x - 4*x + 10 - 2*x + w*x. Calculate o(-5).
0
Let s(a) = a**3 + 9*a**2 - 2*a - 14. Let m be s(-9). Suppose -n + 9 = 4*o - 3, m*o + 4 = 0. Let r(t) = -14 + 13*t**2 + n - 3. Calculate r(-1).
12
Let r(p) = -p - 18. Let o be 4 - (5*4/(-8))/(10/(-16)). What is r(o)?
-18
Let f(r) be the second derivative of -r**4/12 + 5*r**3/6 + r**2/2 + 47*r. Let g be (12/(-15))/(12/30). Let s be (-5)/g*(-16)/(-10). Give f(s).
5
Let a(h) = 0*h - 4*h + 4*h + h**2 - 3 - 2*h. Let v be a(4). Let y(r) = 2*r - 4*r + 15 - 22 + 13 + 5*r - r**2. Calculate y(v).
-4
Let z(t) = 5*t**3 + 3*t + 2. Suppose 0 = -3464*n + 3469*n + 5. Determine z(n).
-6
Let t = -20488 - -20484. Let v(x) = -3*x + 6. Give v(t).
18
Let q(c) be the first derivative of 8*c**2 + 531*c - 3838. Give q(-33).
3
Let j(n) = 101*n. Suppose t - 78*c + 4 = -77*c, -3*t = c. What is j(t)?
-101
Let k(z) = 4*z + 501*z**2 - 174*z**2 - 183*z**2 - 135*z**2 - 4. What is k(1)?
9
Let i(o) = 2*o**3 + 2*o**2 + 10*o + 4. Let c(r) = r**3 + 2*r**2 + 12*r + 4. Let p(z) = 4*c(z) - 5*i(z). What is p(-2)?
40
Let o(i) = 4*i + 2. Let p(g) = 2*g**2 + 40*g - 5. Let w be p(-20). Let m(u) = 3*u**2 + 14*u - 10. Let f be m(w). Calculate o(f).
-18
Let z = 6416 + -6425. Let f(m) = -4*m + 30. Determine f(z).
66
Let w(k) be the first derivative of 4*k + 7/3*k**3 + 198 + 1/4*k**4 - k**2. Give w(-7).
18
Let f(y) be the first derivative of 2*y**3/3 - 14*y**2 + 39*y - 3867. Determine f(13).
13
Let a(t) = -4*t**2 + 12*t + 2. Suppose -81831 = -20*k - 81711. Determine a(k).
-70
Let o be 2*6/(-9)*((-174)/(-12) - 16). Let p(q) = 4*q - 2*q - 2 + 3*q. Calculate p(o).
8
Suppose -f - 2*d + 5 = 0, 3*f + 5*d - 19 + 4 = 0. Let a(l) = 3 + 4*l**2 + 0*l**2 - l**3 + 7*l - l**2 - 7. Calculate a(f).
-19
Let o(y) be the first derivative of -2*y**3/3 - 13*y**2/2 - 14*y + 1593. Calculate o(-8).
-38
Let y(f) = -19*f + 1. Suppose 5*a + 4*p - 25 = 3, a = 3*p + 17. Suppose -9*z = -a - 10. Calculate y(z).
-37
Let s(z) = z**2 - 8*z + 6. Let o(j) = j**3 - 12*j**2 + 15*j - 28. Let b be o(11). Suppose b = 4*c + 3*v, 4*c - 2*v = 3 + 33. Give s(c).
-1
Suppose -3*x - 6 = 0, 5*x = -5*d + 9*d - 18. Let a(w) = 558*w**2 + 1 - 277*w**d - 282*w**2. Calculate a(1).
0
Let l(a) = 5*a**2 + 2*a - 1. Suppose -4*d - 4*m = -3*d - 24, -2*m = -3*d + 2. Let w(r) = -r**2. Let o(u) = d*w(u) - l(u). What is o(1)?
-10
Let b(x) = -x**3 - 3*x**2 + 2*x - 1. Suppose -7*z + 8*z + 50 = 0. Let f = 45 + z. Let g = f - -1. Give b(g).
7
Let m(s) be the second derivative of -3*s**3/2 - 366*s. Suppose -3*a + 6*a = 9. Give m(a).
-27
Let t(h) = h**2 - 12*h + 3. Suppose -13 = -2*v - 15, 3*u - v = 4. Let z(l) = -l - 1. Let m(k) = u*t(k) - 5*z(k). Determine m(6).
2
Let j(u) = 11*u - 2*u + 0*u**2 + 1185 - u**2 - 2400 + 1229. Determine j(8).
22
Let f = 302 + -342. Let t = -45 - f. Let h(v) = 0*v**2 + 0*v**2 + 5*v**2 + v + v**3. Give h(t).
-5
Let f(o) be the first derivative of -8*o - 1/2*o**2 - 2. Let m(p) = -2*p**3 - 19*p**2 - 8*p + 1. Let c be m(-9). Calculate f(c).
0
Let p(y) = -y**3 + 7*y**2 - 6*y - 3. Let c(w) = -25*w + 250. Let f be c(10). Suppose f = 3*j, 3*j + 24 = -5*n + 9*n. Give p(n).
-3
Let i(t) = t**3 - 2*t + 1. Let b be i(2). Let w(s) = -192*s + 189*s + 394 - 391. What is w(b)?
-12
Suppose 0 = 2*t + n - 9 - 7, 4*t - 40 = -4*n. Suppose -t*q - 96 = -22*q. Let h(g) = g**3 - 7*g**2 + 3*g + 8. What is h(q)?
-10
Let u(n) be the third derivative of -5*n**4/8 + n**3/6 + 232*n**2. Suppose -10 = 21*x + 11. What is u(x)?
16
Let a = -8870 + 8873. Let f(h) be the second derivative of -a*h - 1/6*h**4 - h**2 + 2/3*h**3 + 0. Calculate f(2).
-2
Let l be -3 + 3 + ((-3)/(-1) - 2). Let k(z) = 9*z**3 - 2*z**2 + 3*z - 2. Let o be k(l). Suppose -o*s - 5 = 3. Let f(a) = 6*a - 1. Determine f(s).
-7
Let s(o) = 8*o + 1. Let r = 210 + -205. Suppose 3*n + 2*n + 20 = -r*x, -3*x = 2*n + 11. What is s(x)?
-23
Let v(s) = -6*s + 12. Let x = 8 + -16. Let h(q) = -10 + 27 + q - 5 - 12. Let i(z) = x*h(z) - v(z). Give i(-8).
4
Let a(g) = 256*g**2 + 1794*g + 20. Let d be a(-7). Let z(m) = -m + 20. Determine z(d).
14
Let o(q) = 7*q + 34. Let f(x) = -6*x - 26. Let j(y) = -6*f(y) - 5*o(y). Let c be (-4 - -1)/(1/(-2)). Calculate j(c).
-8
Let i(w) = 8*w**3 + w**2 - w - 4. Let g(a) = 33*a**3 + 12*a**2 + 4*a - 10. Let k(f) = -g(f) + 4*i(f). Let t = -9 + 2. Determine k(t).
1
Let k(h) be the first derivative of -h**3/3 - 15*h**2/2 - 15*h + 508. Calculate k(-14).
-1
Let y(a) be the second derivative of 1/12*a**4 - 12 - 4*a - 1/6*a**3 - 1/2*a**2 + 9/20*a**5. Determine y(-1).
-8
Let a be 63 - (4/(-4) - 0). Let j = -62 + a. Let d(y) = -6*y**2 + j + 2*y - 7 - 4 + 3 + y**3. Determine d(6).
6
Let u(v) = -24*v + 175. Let c be u(22). Let a = c + 344. Let j(x) = -2*x - 8. What is j(a)?
10
Suppose -2*a = 29 - 19. Let u(t) = -t**2 - 2*t + 18. Let w be u(a). Let m(j) = -j**3 + 4*j**2 - j - 1. Give m(w).
5
Let j(f) = 31*f**3 + 27*f**2 - 12*f - 40. Let z(k) = -17*k**3 - 14*k**2 + 7*k + 21. Let l(a) = 6*j(a) + 11*z(a). Determine l(9).
-45
Let w(n) = -10*n**3 + n**2 - 7*n - 3. Let u(b) = 3*b**3 + 2*b + 1. Let y(j) = -7*u(j) - 2*w(j). Let t be 1/((-4)/18)*(-21)/1008*-32. Determine y(t).
8
Suppose -9 = -6*y + 15. Let o(k) be the second derivative of -k**4/24 + k**3/2 + 5*k**2/2 - 7*k. Let c(u) be the first derivative of o(u). What is c(y)?
-1
Let u(d) = -2 + 6 + 2879*d - 2874*d. Suppose -22*l = 58 + 30. Determine u(l).
-16
Let u(d) be the second derivative of 1/6*d**3 - 6*d - 3 + 0*d**2. Calculate u(-5).
-5
Let j be -14 - (3 + -2 - -2). Let b = j - -19. Let d(s) = b*s + 4*s + 3*s - 11 - 2*s + s**2. Calculate d(-8).
-3
Suppose 2*n + 5 - 3 = 0. Suppose 322*y - 320*y = 116. Let a(p) = y + p + p**2 - 31 - 19*p**3 - 27. Calculate a(n).
19
Let o(m) be the first derivative of -m**2 + 5*m - 921. Calculate o(-9).
23
Let h(q) = -1. Let t(p) = -2*p**2 - 29*p + 16. Let z be t(-15). Let f(i) = -i**2 - 6*i - 